32*u = j. Calculate the greatest common divisor of i and u.
10
Suppose -542 - 4658 = -26*g. Calculate the greatest common divisor of g and 30.
10
Let t(c) = -2*c + 35. Let w be t(12). Calculate the greatest common factor of 781 and w.
11
Let w(z) be the third derivative of z**4/8 + 11*z**3/2 + 11*z**2. Let l be w(11). Calculate the greatest common factor of 6 and l.
6
Suppose -37 = -6*a + 89. What is the highest common factor of 483 and a?
21
Let q be 4 + (2 - 3) - 3. Suppose 3*n - 2*i = -0*i + 318, q = 2*n + 3*i - 225. Let a = 46 + -19. Calculate the greatest common factor of a and n.
27
Let w be (-15)/6*(-5*14 + 0). Calculate the highest common divisor of 21 and w.
7
Suppose 0 = 3*y - g - 261, 0*y - 5*g = -2*y + 161. Let b be (24 + 0/(-7))/(10/55). What is the highest common divisor of y and b?
44
Let y = 24 + -15. Suppose 24 = 5*o - 2*o. Suppose 4*g - 50 = -3*l + o*g, -g + 19 = l. Calculate the highest common factor of l and y.
9
Let r be (-2)/(-12)*-50*-6. Calculate the greatest common divisor of 250 and r.
50
Suppose -3*i + 2*i + 2*y = -14, -2*i = -5*y - 27. Suppose -5*n - 5*h = -20, h + h + i = 4*n. What is the greatest common divisor of 28 and n?
4
Let l be 1512/(-45)*(-2 - 13). What is the greatest common factor of 56 and l?
56
Let o = 6 + -1. Suppose o*l - 55 = 5. Let w(n) = n**2 - 11*n + 4. Let r be w(l). What is the greatest common factor of r and 32?
16
Suppose 0 = -w - 20 + 34. What is the highest common factor of w and 882?
14
Let h(f) = -f**3 + 28*f**2 + 59*f + 57. Let t be h(30). What is the greatest common factor of 18 and t?
9
Suppose -2*i = i + 2*t - 42, -4*i = t - 51. Let v be 2 - (i/(-1) + 2). Suppose 196 = n + n - 5*o, -20 = -5*o. What is the greatest common divisor of v and n?
12
Let v = 1239 + -1154. Calculate the greatest common divisor of 119 and v.
17
Suppose 0*n + 6 = -4*d + n, -3*d + 4*n = 11. Let r = d + 3. Suppose 9*x - 27 = -0*x. What is the highest common divisor of r and x?
1
Let s = -61 + 31. Let o = s - -56. Calculate the greatest common divisor of 52 and o.
26
Suppose 3*q + 4*v - 23 = 0, 2*q + v - 30 = 2*v. Let b = q - 13. Suppose 0 = 3*h - b*h - 6. Calculate the greatest common factor of 6 and h.
2
Let w be (-4 + 9)/(1/1). Suppose 4*b = w*t - 170 + 45, -b = -4*t + 111. Suppose 3*a - 293 = -t. Calculate the highest common factor of a and 11.
11
Let l be (1 + 2/(-1))*-5. Let s = 187 + -182. What is the highest common divisor of l and s?
5
Let v(z) = 3*z**2 - 12*z - 43. Let h be v(-4). Calculate the highest common factor of h and 1537.
53
Let t = -254 - -267. What is the highest common factor of t and 221?
13
Let i = 24 + -21. Suppose 4*c = i*c + 11. Calculate the greatest common factor of c and 11.
11
Let w = -181 + 341. What is the greatest common factor of w and 120?
40
Let y be 0 - 0 - -1*5. Let o be ((-20)/(-32))/(5/40). Suppose o*r = 6*r - 5. Calculate the highest common factor of r and y.
5
Let k be -2*3*(-46)/18*27. What is the highest common factor of 18 and k?
18
Suppose -3*z = 2*y - 1447, y - 269 = 5*z + 461. What is the greatest common divisor of 25 and y?
25
Let d be (-250)/(-4) - ((-18)/(-4) - 3). Let v = -32 + d. Calculate the greatest common factor of v and 87.
29
Let d = 383 + -375. Calculate the greatest common factor of d and 32.
8
Let o = 496 - 370. What is the highest common factor of o and 42?
42
Let j be (13 + -2*1)/((-1)/(-4)). Suppose -239 + j = -3*m. Calculate the highest common factor of 5 and m.
5
Suppose 5*a - 5*r = 65, 2*r + 14 = -0*a + a. Suppose -6*f = -a*f + 54. Calculate the highest common factor of f and 9.
9
Let x = -36 - -63. Let f be -22 + 12 - (2 - 30). What is the greatest common factor of x and f?
9
Suppose 0 = -15*u + 17*u - 112. Let k(b) = -3*b - 10. Let j be k(-4). Suppose -4*o = a - u - 28, -5*a + j = o. What is the highest common factor of 55 and o?
11
Suppose -4*a = -4*r + 6 - 142, -2*r - 96 = 5*a. Let x be (3 + -1 - r)*(-28)/(-35). Calculate the highest common factor of x and 224.
32
Suppose -j + 7*j = -606. Let z = -95 - j. Calculate the greatest common divisor of 2 and z.
2
Suppose 0 = 3*k + 80 - 65. Let n = 23 + k. What is the greatest common factor of 24 and n?
6
Let i be -1 + -2 + -3 + 15. Suppose 0 = -q - 5*t + i, -2*q + 2*t + 3 = -3*t. Suppose 0 = -s - 2 + q. Calculate the greatest common factor of 20 and s.
2
Let z be -3 - ((-2 - -11) + -102). Calculate the highest common factor of z and 280.
10
Suppose 4*t + 5616 = 28*t. What is the highest common factor of t and 72?
18
Suppose 12 + 0 = 4*y. Let c be 1 + (y - -13) - 1. What is the highest common factor of c and 40?
8
Let y be ((-34)/3)/(22/(-33)). Suppose 5 = v, 0*v + 3*v = h - y. Calculate the greatest common divisor of h and 80.
16
Suppose 0*s = -s + 2. Suppose 0 = m - 2, -5*f - m = -f - 38. Let l = f + -5. Calculate the highest common divisor of l and s.
2
Let z be (28/(-10))/(1/(-15)). Suppose 203 = 30*x - 367. Suppose -26*u + 147 = -x*u. What is the highest common divisor of u and z?
21
Suppose -k - 110 = -6*k + 5*t, 4*k + t - 73 = 0. Suppose p - 861 = -h, -3*p + 2 = -1. Suppose h - 5 = 5*q. Calculate the highest common divisor of q and k.
19
Let f be -12*((-1)/3 + 0). Suppose 3*a - f*h + 196 = 7*a, -5 = -5*h. Calculate the highest common divisor of a and 336.
48
Suppose t = 2*f - 590, 0 = f - 2*t + 6*t - 295. What is the greatest common factor of f and 5?
5
Let u be (4/(-8)*2)/((-14)/5782). Calculate the highest common divisor of u and 7.
7
Let j be 2 - (3 - -3 - -2). Let k be ((-111)/6 - -3)*j. Let d be k/4 + (-15)/(-20). Calculate the highest common factor of 12 and d.
12
Let y be 104/(-5)*((-12 - 5) + 12). Calculate the greatest common factor of y and 8.
8
Let f be -117*(-6 + 0 - (-5 + 2)). What is the greatest common divisor of f and 243?
27
Let z(o) = -o**3 - 4*o**2 - 2*o + 1. Let v be z(-4). Let s(d) = 4*d - 7 + 2*d + 5*d - d. Let u be s(1). What is the highest common divisor of u and v?
3
Let m(z) = -3*z - 3. Let x(r) = 2*r + 3. Let o(b) = -5*m(b) - 6*x(b). Let c be o(8). Suppose 0 = 5*q - 84 - c. Calculate the highest common factor of 168 and q.
21
Let g(c) be the first derivative of -c**4/4 + 4*c**3 + 33*c**2/2 - 6*c - 7. Let s be g(14). Calculate the greatest common divisor of s and 32.
32
Suppose -2*t - 4*l + 3*l = -44, -5*t - 3*l + 111 = 0. Let c be ((-37)/1 + 2)*(-8)/20. What is the greatest common divisor of t and c?
7
Suppose -10*b + 9*b + 40 = 0. Let d = 144 - b. Let y be (-102)/(-8) - 2/(-8). Calculate the greatest common divisor of d and y.
13
Let u = -391 - -591. Calculate the highest common factor of u and 360.
40
Let s = -239 - -757. Calculate the highest common factor of s and 7.
7
Suppose 9*y + 742 = -5*y. Let l = y - -56. What is the greatest common divisor of l and 15?
3
Let w be (-3)/(66/(-4)) - 41040/(-66). Suppose 0 = 6*k - 1744 + w. What is the greatest common factor of k and 17?
17
Suppose -p = -4*g + 51, 3*p = 7*p + 12. Suppose -288 = -g*a + 4*a. Suppose -5*v + 216 = -v. Calculate the greatest common divisor of v and a.
18
Let j be (-337)/(-6) - 1/6. Let s = 37 - j. Let n be 1/(-1)*(4 + s). What is the highest common divisor of n and 45?
15
Let b be (-42 - -30)*(-2 + (-2)/(-2)). What is the greatest common factor of b and 432?
12
Let d(q) = -q**3 - 13*q**2 + q + 6. Let c be d(-13). Let a(k) = -k**2 - 13*k - 19. Let m be a(c). Calculate the highest common divisor of m and 115.
23
Suppose 39*w - 32*w - 28 = 0. What is the highest common divisor of w and 128?
4
Let t be (5 + 2)/1 + -3. Suppose t*z - 5*d = 114, -5*z + 138 = -5*d + d. Calculate the greatest common factor of z and 26.
26
Let j(p) = -12*p + 16. Let c(a) = -23*a + 31. Let v(s) = 3*c(s) - 5*j(s). Let n be v(4). Let d = n + 24. What is the greatest common divisor of d and 2?
1
Suppose 108 = 3*s + 102. Calculate the greatest common divisor of s and 22.
2
Let p(l) = -31*l - 295. Let c be p(-13). What is the greatest common factor of c and 84?
12
Suppose 40 = 4*j + 5*k - 7, -4*k - 56 = -2*j. Let t be 524/5 - (j/10 - 2). Calculate the greatest common divisor of t and 15.
15
Let d be (-15)/(-8) - (-67)/536. What is the highest common divisor of d and 35?
1
Suppose -2*l - 3*x - 114 = -3*l, 0 = -5*l - 5*x + 610. Let b(n) = -n**3 + 39*n**2 - n + 54. Let u be b(39). What is the highest common factor of l and u?
15